Let m(b) = -5*b**2 + 7*b - 1. Let j(r) = -6*m(r) - 7*w(r). Let t = -94 - -96. What is j(t)?
7
Let r(l) = l**2 - 2*l + 1. Let m(x) = 0 + 10*x**2 + 4 + 2*x**2 + x**3. Let y be m(-12). What is r(y)?
9
Let h(n) = n**3 - 4*n**2 - n. Let l = -15 + 8. Let c = l - -11. Determine h(c).
-4
Let y(i) = 4*i**2 + i. Let s(h) = -h**2 + 7*h - 2. Let m be s(6). Suppose 0*b - m = 4*b. What is y(b)?
3
Let x(a) = -a**2. Let j(l) = -l**2 + l + 1. Let y(n) = j(n) - 2*x(n). Let h(m) = 3*m**2 - m + 11. Let c(t) = -h(t) + 4*y(t). Let k = -10 - -5. Calculate c(k).
-7
Let g(s) be the first derivative of 1/60*s**5 - 7/24*s**4 - 2 + 0*s - s**2 + s**3. Let d(m) be the second derivative of g(m). Determine d(5).
-4
Let p(x) = -2 - 5 + 3 - x - 1. Calculate p(-4).
-1
Suppose 27*q - 2 = 26*q. Suppose h = -q*h. Let n(i) = i**3 + i**2 + 10. What is n(h)?
10
Suppose 0 = 4*m - 3*c - 9, 5*c = -0*m + 4*m + 1. Let x(l) = m - l**3 + 3*l**3 - l**3. Determine x(0).
6
Let q(d) = -4*d**2 - 3*d - 7. Let g(t) = 5*t**2 + 3*t + 8. Let m(u) = -3*g(u) - 4*q(u). Give m(-4).
8
Let p(h) = 4*h + 9. Suppose -7*d + 3 = 45. What is p(d)?
-15
Suppose 5*j - 3*o = 31, -o + 14 = 2*j - 5. Let p(f) = f**2 - 8*f + 11. Determine p(j).
11
Let m(h) = h**3 - 5. Suppose 5*u + 2 = -4*z + 7, 4*z - 3 = -3*u. Suppose z*g + 6 = 2*g. Suppose 0 = 2*b + g*b. Calculate m(b).
-5
Let l(d) = -d**2 - d + 1. Let m(v) = -5*v**2 - 12*v - 6. Let n(g) = -4*l(g) + m(g). Let z be n(-7). Let u(s) = -s**2 - 3*s + 1. Calculate u(z).
1
Let p = 5 - 8. Let b = p - -1. Let c(o) = -2 - 170*o - o**2 + 170*o. Calculate c(b).
-6
Let r = 13 + -21. Let n be 2/r + 5/4. Let v(o) = -3*o**3 + 0*o**3 + 1 - o**2 + 0. What is v(n)?
-3
Suppose 3*k - 4*w + 0 = -1, -4*w + 15 = -5*k. Let m(d) = -3*d - 7. Calculate m(k).
14
Let h(p) = -3*p**2 + 11*p. Let y(a) = -a**2 + 5*a. Let o(s) = 6*h(s) - 13*y(s). Let b be (4/6)/(2/3). Let v = b + -2. What is o(v)?
-6
Let k be (-26)/(-22) + (-4)/22. Suppose 0 = -u + 3*q - 12, -5*q - k = -5*u - 11. Suppose u*w + 2*w = 20. Let f(l) = -l**3 + 3*l**2 + 3*l + 5. Determine f(w).
1
Let i(x) = -x**3 - 5*x**2 - 3*x - 7. Suppose -4*w + 4*c + 4 = 0, -w = 2*c + 5 - 18. Suppose 0 = 5*b, b = m - 4*b + w. Determine i(m).
8
Let h(u) = -u - 5. Let m be h(-5). Let t(y) be the third derivative of -2*y**2 + 0*y**3 + 1/24*y**4 + m + 0*y. Give t(-3).
-3
Let v(l) = -l**2 + 2*l + 1. Suppose 3*d + 0*d = 66. Suppose 0 = -y + 5, 2*y = -o - 2*y + d. Calculate v(o).
1
Let j(g) be the third derivative of g**6/120 + g**5/15 - g**4/8 + g**3/2 - 5*g**2. Calculate j(-5).
-7
Let d = 6 - 1. Let a(m) be the first derivative of 2*m**3 + 2 - 1/4*m**4 + 7*m - 4*m**2. Determine a(d).
-8
Let f(k) = k**3 + k**2 - k - 14. Let b(s) = s**3 - 2*s**2 + 3*s - 2. Let a be b(1). Calculate f(a).
-14
Let c(s) = -s**3 + 2*s + 3*s**2 + 4 + 4 - 4. Calculate c(4).
-4
Let u(r) = -r - 3. Suppose 3*x + 3 + 0 = 0. Let k = x - -1. Determine u(k).
-3
Let a(z) be the second derivative of z**3/6 - 3*z**2 + 33*z. Determine a(10).
4
Let j(g) be the first derivative of -1/3*g**3 + 0*g - g**2 + 1/8*g**4 - 1. Let w(u) be the second derivative of j(u). Give w(2).
4
Let u = -7 + 10. Let v = -1 + u. Let a(i) = i + 2. Let c(t) = 2*t + 5. Let q(f) = 8*a(f) - 3*c(f). Determine q(v).
5
Let r(i) = i - 1. Suppose -158*q + 156*q = -12. Determine r(q).
5
Let j(p) = -p**3 + p**2 + p. Let l be j(2). Let w = 2 + l. Let h be (2/(w - -2))/1. Let n(o) = -6*o. Determine n(h).
-6
Let t = -19 + 6. Let i = -8 - t. Let l(o) = o - 5. Give l(i).
0
Let s(r) = -r**3 - 8*r**2 - 5*r + 10. Let g be s(-7). Let z(f) = -7*f**2 - 5*f - 6. Let b(d) = -6*d**2 - 5*d - 6. Let a(h) = -6*b(h) + 5*z(h). Give a(g).
2
Let t be 10/40*(-4)/1. Let d(r) = 3*r**2 + r + 1. Give d(t).
3
Let b(u) = -6*u - 1. Let d(c) = -7*c - 1. Suppose k + 1 = 6. Let m(w) = k*d(w) - 6*b(w). Calculate m(7).
8
Let u(o) = 14*o + 32. Let w(r) = -5*r - 11. Let c(d) = -4*u(d) - 11*w(d). Let t be c(-3). Let a(j) = j**3 + 4*j**2 - j + 4. Calculate a(t).
8
Let f = -11 + 15. Suppose -f*r = r - 10. Let x(j) = 2*j**3 + j**2 - 2*j - 1. Calculate x(r).
15
Let m(r) = r + 15. Let p(z) = 2*z + 38. Let o(j) = 12*m(j) - 5*p(j). Let w = -23 - -30. Give o(w).
4
Let s(y) = 54 - 2*y - 56 - 4*y + 5*y. Calculate s(6).
-8
Suppose -k = -5*m + 12 + 10, 3 = m. Let c(x) = x - 5. Give c(k).
-12
Let f(k) = 2*k + 5. Suppose 3*b - 12 = 33. Let v = 10 - b. Calculate f(v).
-5
Let g = -11 - -7. Let t be ((-2)/8)/((-3)/24). Let o(z) = 0*z**2 - 7*z + z**t - 4 - 3*z**2. Calculate o(g).
-8
Let w be (-3 - -3) + (-1)/(-1). Let m(y) be the third derivative of y**5/10 + y**4/24 - y**3/6 - 5*y**2. What is m(w)?
6
Let s(f) = 0 + 2 + 3*f - 5*f. Suppose 95*b + 4 = 97*b. Calculate s(b).
-2
Suppose 15*a = 19*a + 24. Let u(g) = g**2 + 7*g + 7. Give u(a).
1
Let t(y) = -y**3 + 5*y**2 - 3*y + 3. Let n(d) = -2*d + 12. Let z be n(5). What is t(z)?
9
Let g(p) = p**2 + p - 1. Let y(o) = -o**2. Let f(a) = g(a) + 2*y(a). Let s(k) = k**3 + 6*k**2 + k + 8. Let j be s(-6). Determine f(j).
-3
Suppose 5*b = 2*h + 9, 6*b = 4*b + h + 3. Let p be 1 + (0 - 0) + b. Let j(x) = -x - 1. Determine j(p).
-5
Let s be 4/10 - 374/85. Let t(z) = -z**3 - 4*z**2 - 2*z - 3. Determine t(s).
5
Let f(i) = -3*i - 2. Let z(y) = -4*y - 1. Let w(l) = 1. Let d(b) = 2*w(b) - z(b). Let g(n) = 2*d(n) + 3*f(n). Let u be (6/4)/((-9)/(-30)). What is g(u)?
-5
Suppose -w + 7 = 6. Let b(d) = -2*d - 1. Give b(w).
-3
Let y(h) = -2*h - 3 + 0 - 4 + 0. Let p be y(-5). Let q(z) = -2*z**2 + 4*z - 1. Give q(p).
-7
Suppose 3*b - 4*s = -10, 5*s = -6*b + b + 30. Let u(f) = -f**3 + 3*f**2 - f. Let i be u(2). Let d(t) = 5 - t**b - i*t - t + 0*t. Calculate d(-5).
-5
Let c(p) = -p**3 - 4*p**2 + p - 3. Suppose -2 = 6*k + 16. Give c(k).
-15
Let v be 7/21 - (-4)/(-3). Let l(f) be the third derivative of -f**4/12 + f**3/6 - 2*f**2. Determine l(v).
3
Let v(d) = -4*d - 2*d**3 - d**2 + 4*d**2 + 3*d**3 + 3. Let q(s) be the second derivative of s**3/6 - s**2 + 5*s. Let y be q(-2). What is v(y)?
3
Let p(h) = -h**2 - 2*h + 2. Let a(m) = -4*m**2 - 9*m + 8. Let n(y) = 2*a(y) - 9*p(y). Let b be (0/(-6))/((-2)/(-2)). Determine n(b).
-2
Let p(l) = -l**2 + 7. Let n = -80 - -80. Determine p(n).
7
Let h(r) = 100*r**3 + 5 - 4*r**2 + 9*r**2 - 99*r**3. Calculate h(-5).
5
Let i be ((-525)/390 - (-4)/(-26))*4. Let n(g) = g**2 + 9*g + 6. Calculate n(i).
-12
Let i(t) be the first derivative of t**3/3 + 3*t**2/2 - 8*t - 4. Determine i(-6).
10
Let b(r) = r - 10. Let v be b(8). Let d(q) = q**2 + q - 1. Calculate d(v).
1
Let m be (1 - 1)*(-4)/8. Let f be ((-2)/(-6))/((-5)/(-45)). Let d(i) = -i + f*i**2 - 1 + 3 - i**3 - 4*i**2. Calculate d(m).
2
Let p be (-1)/(-4) + 1/(-4). Suppose -w - 2*f + 1 - 11 = p, 5*f + 25 = w. Let i(m) = -m. Determine i(w).
0
Let o(f) be the second derivative of f**5/20 + f**4/12 - f**2 + f. Calculate o(0).
-2
Suppose 0 = -3*k + 10 + 14. Let m(l) = 14 - l + l**2 - 3*l - k. Determine m(5).
11
Let s(i) = i - 4. Let k(x) = x - 5. Let q(m) = 4*k(m) - 5*s(m). Let j(w) = -w**2 + 7*w - 5. Let g be j(6). Let z = g + -1. Determine q(z).
0
Let b(s) = -s**3 + s**2. Let g(q) = q**3 - 5*q**2 - 2*q - 1. Let i(t) = 3*b(t) + g(t). Calculate i(-1).
1
Let n(v) = 34*v + 5 - 35*v - 3. What is n(-4)?
6
Let j(h) = 12*h**3 + 2*h**2 - 1. Let d be (-3)/9*(-10 + 1). Suppose -3 = 2*u + 5*o + 15, -2*o = d*u + 5. Determine j(u).
13
Let g(t) = -t**3 - 4*t**2 - 3*t - 1. Suppose 0 = 4*s - 5*s - 4. Calculate g(s).
11
Let c(p) = 3*p - 22. Let a be c(9). Suppose 2*r + 23 = 4*r + a*k, 32 = 5*r + 4*k. Let x(d) = -d + 1. Determine x(r).
-3
Let o be (-2)/(-1)*(91/(-14) - -7). Suppose -3*w + 4*j = -3 - 4, -1 = 2*w + 3*j. Let s(f) = 5*f - f + 2*f - w. Determine s(o).
5
Let s(v) = v**3 - 8*v**2 - 5. Let b be s(8). Let z(g) be the third derivative of 1/60*g**5 + 0 - g**2 + 0*g + 7/6*g**3 + 7/24*g**4. Calculate z(b).
-3
Let f(k) = -31*k - 14. Let j(g) = 20*g + 9. Let w(o) = -5*f(o) - 8*j(o). Determine w(-6).
28
Let p(s) be the first derivative of s**3/3 + 4*s**2 + 6*s - 7. Calculate p(-7).
-1
Let o be (-4)/(-6)*-6*1. Let j(f) be the first derivative of -f**2/2 - 5*f + 1. Calculate j(o).
-1
Suppose 5*m = -m + 24. Let g(l) = -l**3 + 5*l**2 - 3*l + 4. Calculate g(m).
8
Let c(a) = -3*a + 2*a + 2*a. Let s = -7 + 8. Let g(n) = n**2 - 5*n + 6. Let h(d) = s*g(d) - 2*c(d). What is h(4)?
-6
Let g(z) = 774*z**2 - 2*z - 7